{"id":84,"date":"2018-03-17T08:39:15","date_gmt":"2018-03-17T07:39:15","guid":{"rendered":"http:\/\/enghien-decouverte.be\/?page_id=84"},"modified":"2025-12-28T14:03:19","modified_gmt":"2025-12-28T13:03:19","slug":"a-propos-de","status":"publish","type":"page","link":"https:\/\/enghien-decouverte.be\/index.php\/a-propos-de\/","title":{"rendered":"\u00c0 propos de"},"content":{"rendered":"\n<p>L&rsquo;association des Guides Touristiques d&rsquo;Enghien (AGTE) est groupe de personnes passionn\u00e9es par l&rsquo;histoire et l&rsquo;architecture de la ville d&rsquo;Enghien.<\/p>\n\n\n\n<p>En collaboration avec l&rsquo;office du tourisme, nous pouvons vous guider dans les diff\u00e9rents endroits de la ville ou du parc d&rsquo;Enghien.<\/p>\n\n\n\n<p>Nous sommes compos\u00e9s de :<\/p>\n\n\n\n<div class=\"wp-block-group is-vertical is-layout-flex wp-container-core-group-is-layout-8cf370e7 wp-block-group-is-layout-flex\">\n<p class=\"has-text-align-left\"><strong>Pr\u00e9sident<\/strong>&nbsp; &nbsp; &nbsp; &nbsp; &nbsp; &nbsp; &nbsp;  &nbsp; : DERO Thierri<\/p>\n\n\n\n<p class=\"has-text-align-left\"><strong>Vice pr\u00e9sidente<\/strong>&nbsp; &nbsp;     :    DESMEDT L\u00e9na<\/p>\n\n\n\n<p class=\"has-text-align-left\"><strong>Secr\u00e9taire&nbsp;<\/strong>&nbsp; &nbsp; &nbsp; &nbsp; &nbsp; &nbsp;&nbsp; &nbsp;     :    VAST Val\u00e9rie<\/p>\n\n\n\n<p class=\"has-text-align-left\"><strong>Secr\u00e9taire adjointe<\/strong>&nbsp;:    DENDONCKER Th\u00e9r\u00e8se<\/p>\n\n\n\n<p class=\"has-text-align-left\"><strong>Tr\u00e9sorier&nbsp;&nbsp;<\/strong> &nbsp; &nbsp; &nbsp; &nbsp; &nbsp; &nbsp; &nbsp; &nbsp;  : ROQUET Marc<\/p>\n\n\n\n<p class=\"has-text-align-left\"><strong>Webmaster.<\/strong>&nbsp; &nbsp; &nbsp; &nbsp; &nbsp; &nbsp; &nbsp;     :    WEZEMAEL Malou<\/p>\n\n\n\n<p class=\"has-text-align-left\"><strong>Administratrice<\/strong> :&nbsp;  &nbsp; : BRUWIER Marie-C\u00e9cile<\/p>\n<\/div>\n\n\n\n<p><\/p>\n","protected":false},"excerpt":{"rendered":"<p>L&rsquo;association des Guides Touristiques d&rsquo;Enghien (AGTE) est groupe de personnes passionn\u00e9es par l&rsquo;histoire et l&rsquo;architecture de la ville d&rsquo;Enghien. En collaboration avec l&rsquo;office du tourisme, nous pouvons vous guider dans les diff\u00e9rents endroits de la ville ou du parc d&rsquo;Enghien. Nous sommes compos\u00e9s de : Pr\u00e9sident&nbsp; &nbsp; &nbsp; &nbsp; &nbsp; &nbsp; &nbsp; &nbsp; : DERO &hellip; <\/p>\n<p class=\"link-more\"><a href=\"https:\/\/enghien-decouverte.be\/index.php\/a-propos-de\/\" class=\"more-link\">Continuer la lecture<span class=\"screen-reader-text\"> de &laquo;&nbsp;\u00c0 propos de&nbsp;&raquo;<\/span><\/a><\/p>\n","protected":false},"author":1,"featured_media":0,"parent":0,"menu_order":0,"comment_status":"closed","ping_status":"closed","template":"","meta":{"footnotes":""},"class_list":["post-84","page","type-page","status-publish","hentry"],"_links":{"self":[{"href":"https:\/\/enghien-decouverte.be\/index.php\/wp-json\/wp\/v2\/pages\/84","targetHints":{"allow":["GET"]}}],"collection":[{"href":"https:\/\/enghien-decouverte.be\/index.php\/wp-json\/wp\/v2\/pages"}],"about":[{"href":"https:\/\/enghien-decouverte.be\/index.php\/wp-json\/wp\/v2\/types\/page"}],"author":[{"embeddable":true,"href":"https:\/\/enghien-decouverte.be\/index.php\/wp-json\/wp\/v2\/users\/1"}],"replies":[{"embeddable":true,"href":"https:\/\/enghien-decouverte.be\/index.php\/wp-json\/wp\/v2\/comments?post=84"}],"version-history":[{"count":20,"href":"https:\/\/enghien-decouverte.be\/index.php\/wp-json\/wp\/v2\/pages\/84\/revisions"}],"predecessor-version":[{"id":383,"href":"https:\/\/enghien-decouverte.be\/index.php\/wp-json\/wp\/v2\/pages\/84\/revisions\/383"}],"wp:attachment":[{"href":"https:\/\/enghien-decouverte.be\/index.php\/wp-json\/wp\/v2\/media?parent=84"}],"curies":[{"name":"wp","href":"https:\/\/api.w.org\/{rel}","templated":true}]}}